
Is 10401646 a multiple of 11?
False
Does 12 divide 32547111?
False
Is 2832 a factor of 2089074375?
False
Is 1410830204 a multiple of 3420?
False
Is 48 a factor of 47540213?
False
Is 388953014 a multiple of 200?
False
Does 10 divide 10962354?
False
Is 44 a factor of 21378627?
False
Does 82 divide 4954072476?
True
Does 20 divide 540481055?
False
Is 75 a factor of 556734675?
True
Does 10 divide 48369468?
False
Is 34 a factor of 2988023592?
False
Is 285 a factor of 190352070?
True
Is 27275235 a multiple of 344?
False
Is 18 a factor of 283968?
True
Does 190 divide 54633716?
False
Does 192 divide 92097399?
False
Is 31630963 a multiple of 13?
True
Does 151 divide 82558797?
True
Is 79150944 a multiple of 385?
False
Does 8 divide 1134613136?
True
Is 1034756338 a multiple of 154?
True
Is 4081 a factor of 47637513?
True
Is 48 a factor of 66183936?
True
Is 397699306 a multiple of 124?
False
Does 232 divide 3691285331?
False
Does 117 divide 428934285?
True
Is 273 a factor of 37128?
True
Is 24 a factor of 902021064?
True
Does 25 divide 691449075?
True
Is 39 a factor of 29515512?
True
Is 100739579 a multiple of 1333?
False
Does 45 divide 184462530?
False
Is 21 a factor of 1764171402?
True
Is 196920 a multiple of 15?
True
Is 576 a factor of 25806388?
False
Does 1737 divide 207338742?
True
Is 844093629 a multiple of 3?
True
Is 193190730 a multiple of 1317?
True
Is 3465 a factor of 259648651?
False
Is 2868 a factor of 5578188300?
True
Does 7 divide 3410351280?
True
Does 1003 divide 10455167?
False
Is 450 a factor of 96449850?
True
Does 20 divide 176159076?
False
Does 3 divide 9094038?
True
Is 970470311 a multiple of 43?
True
Is 263177430 a multiple of 10?
True
Is 8 a factor of 650928560?
True
Is 400308859 a multiple of 4356?
False
Is 48456200 a multiple of 130?
True
Does 134 divide 462624280?
True
Does 43 divide 8435396?
True
Is 156349153 a multiple of 30?
False
Is 198562718 a multiple of 71?
True
Is 996984480 a multiple of 12?
True
Does 1381 divide 38306073?
False
Is 321 a factor of 3782091?
False
Is 818 a factor of 397522642?
True
Is 22 a factor of 28298938?
False
Is 127892411 a multiple of 2536?
False
Is 50321480 a multiple of 407?
True
Is 1175750671 a multiple of 2411?
True
Is 9254907 a multiple of 40?
False
Does 4 divide 988957592?
True
Does 87 divide 162609786?
True
Does 1483 divide 973887643?
False
Does 704 divide 36789606?
False
Is 33 a factor of 18217815?
True
Is 28 a factor of 6113888?
False
Is 660 a factor of 302945491?
False
Is 90778653 a multiple of 63?
True
Is 8 a factor of 45597131?
False
Does 69 divide 1688334392?
False
Is 3858 a factor of 200925834?
False
Is 993 a factor of 75659138?
False
Is 75416824 a multiple of 541?
False
Is 1093409300 a multiple of 864?
False
Is 6434 a factor of 746923060?
True
Is 193 a factor of 12521840?
True
Is 533 a factor of 231386997?
False
Does 641 divide 40431536?
False
Does 506 divide 22253374?
True
Does 1002 divide 334591848?
True
Does 5 divide 185459387?
False
Does 45 divide 119236140?
True
Is 462749567 a multiple of 5?
False
Does 856 divide 69980568?
True
Is 976 a factor of 140074638?
False
Does 2136 divide 436362909?
False
Is 37948791 a multiple of 34?
False
Is 4813 a factor of 3263689443?
False
Does 21 divide 5321637691?
False
Is 2542494 a multiple of 128?
False
Does 734 divide 728703456?
True
Does 75 divide 24298050?
True
Is 3026 a factor of 69095684?
True
Does 493 divide 433329579?
False
Is 1401150539 a multiple of 73?
True
Is 54 a factor of 27367408?
False
Is 45070770 a multiple of 1141?
False
Is 266245658 a multiple of 1331?
False
Is 1380901543 a multiple of 96?
False
Is 338 a factor of 167379655?
False
Is 164 a factor of 26196798?
False
Is 3 a factor of 92505255?
True
Is 777835113 a multiple of 6577?
False
Does 1147 divide 775685131?
True
Is 154615352 a multiple of 6?
False
Does 8 divide 174499304?
True
Is 5 a factor of 2286615?
True
Is 143530371 a multiple of 3735?
False
Is 2609194009 a multiple of 579?
False
Does 11 divide 882927733?
False
Is 59 a factor of 394875106?
False
Is 3871 a factor of 4352294919?
False
Is 11635367 a multiple of 1635?
False
Is 263174859 a multiple of 9?
True
Is 479730975 a multiple of 813?
True
Is 46 a factor of 592969624?
True
Is 29276023 a multiple of 119?
True
Does 76 divide 5780104?
True
Is 343326487 a multiple of 2891?
True
Is 2714 a factor of 198290268?
True
Is 641 a factor of 258961420?
False
Does 114 divide 1205846628?
True
Does 24 divide 1963530868?
False
Is 1017869614 a multiple of 2751?
False
Is 112 a factor of 358421504?
True
Does 276 divide 6439274676?
False
Does 2455 divide 305694145?
True
Does 11 divide 27459715?
False
Does 34 divide 1299140?
True
Is 1051 a factor of 13583124?
True
Does 40 divide 1675977960?
True
Is 77397273 a multiple of 963?
True
Is 80896959 a multiple of 239?
True
Is 2495 a factor of 710106940?
True
Is 450 a factor of 1275750?
True
Does 342 divide 4436266529?
False
Is 888987976 a multiple of 6328?
False
Does 1074 divide 131371489?
False
Does 101 divide 82968159?
False
Does 306 divide 3183716?
False
Is 14177139 even?
False
Is 1069867305 a multiple of 15?
True
Is 48028619 a multiple of 149?
False
Is 3957750 a multiple of 90?
True
Is 105106999 a multiple of 233?
True
Does 408 divide 148452024?
True
Is 77345806 a multiple of 55?
False
Is 5 a factor of 335140220?
True
Is 3083685206 a multiple of 3808?
False
Is 81408718 a multiple of 40?
False
Does 33 divide 16011270?
True
Does 2184 divide 37015394?
False
Is 8 a factor of 34296638?
False
Does 28 divide 28546672?
True
Is 9096151 a multiple of 6?
False
Is 406 a factor of 15223376?
True
Does 141 divide 587929392?
True
Is 472697148 a multiple of 77?
True
Does 314 divide 43714138?
True
Is 120958795 a multiple of 51?
False
Is 1124873398 a multiple of 22?
True
Is 24374777 a multiple of 224?
False
Is 74 a factor of 218652080?
False
Does 14 divide 1734063270?
False
Is 687 a factor of 37333758?
False
Is 1243 a factor of 175420870?
False
Is 7 a factor of 13066676?
True
Is 275 a factor of 115304200?
True
Is 31 a factor of 65174617?
True
Is 1095 a factor of 937248825?
True
Is 10 a factor of 2678160?
True
Is 12023466 a multiple of 78?
True
Is 48263796 a multiple of 63?
True
Is 1116413469 a multiple of 999?
True
Does 2218 divide 47647076?
True
Is 701694000 a multiple of 1200?
True
Is 14 a factor of 2874724778?
False
Does 251 divide 1745124650?
False
Is 110490948 a multiple of 13?
False
Is 6 a factor of 57520470?
True
Is 617073112 a multiple of 452?
True
Is 97 a factor of 200932978?
True
Is 406722800 a multiple of 920?
True
Is 2201069016 a multiple of 408?
True
Is 46 a factor of 4898869452?
True
Is 93719322 a multiple of 1071?
False
Does 585 divide 324604097?
False
Is 1148144644 a multiple of 1124?
True
Is 26 a factor of 36396023?
False
Is 16 a factor of 79036089?
False
Does 461 divide 75193249?
True
Is 168623574 a multiple of 11?
False
Is 146692723 a multiple of 2238?
False
Is 3456 a factor of 104964726?
False
Is 9736231 a multiple of 912?
False
Is 52663316 a multiple of 2?
True
Is 2459 a factor of 391968249?
False
Does 141 divide 21974991?
True
Is 185631615 a multiple of 855?
True
Is 12399752 a multiple of 1279?
False
Is 1022578675 a multiple of 84?
False
Is 3375774 even?
True
Is 38645088 a multiple of 6?
True
Is 173 a factor of 435935953?
True
Is 1285322 a multiple of 108?
False
Is 344 a factor of 472464604?
False
Is 330 a factor of 25747260?
True
Is 1856 a factor of 553578679?
False
Does 18 divide 37052604?
True
Does 4 divide 369604112?
True
Is 1193144039 a multiple of 4?
False
Is 577583481 a multiple of 4446?
False
Is 670064637 a multiple of 3?
True
Does 173 divide 780146441?
True
Does 56 divide 125452587?
False
Is 1039 a factor of 77069903?
True
Does 903 divide 1317100464?
False
Is 41815933 a multiple of 121?
False
Is 169 a factor of 12832963?
False
Does 24 divide 13315152?
True
Does 4 divide 1945229?
False
Is 3489576816 a multiple of 636?
True
Is 176067765 a multiple of 190?
False
Does 21 divide 217085317?
False
Is 22 a factor of 26850419?
False
Is 26 a factor of 4175206?
False
Is 65135903 a multiple of 1439?
False
Is 347 a factor of 876301308?
True
Does 23 divide 61680747?
False
Is 6 a factor of 107147310?
True
Is 3050 a factor of 5554050?
True
Is 11 a factor of 151514473?
True
Is 15617350 a multiple 